= -q**3 - 11*q**2 + 11*q - 8. Let n be d(-12). Let w = n + 6. What is the units digit of w?
0
Suppose 0*f = 5*f - 75. Suppose -3*z = -2*a - 5, -4*a + 2*a = -5*z + f. Suppose 4*w = 3*q + 9, -q - q + z*w = 13. What is the units digit of q?
1
Suppose 2*q + 0*q = 6. What is the units digit of q?
3
Let p = 75 - -11. Suppose 4*v + 14 = p. What is the units digit of v?
8
Suppose 0 = -4*t + 5*m + 896, 0 = -3*t + 4*m + 24 + 649. What is the tens digit of t?
1
Suppose 121 = 2*l - 3*w, 5*l + 0*w - 307 = 3*w. Suppose 5*o = 2*s + 44, 5*o - l = -4*s - 0*s. What is the units digit of ((-4)/o)/((-4)/20)?
2
Let b(r) = -3 + 2 - 3 + 4*r + r. What is the tens digit of b(3)?
1
Let x(d) = d**2 - 11*d + 8. Let u be x(8). What is the units digit of u/(-28) + 628/28?
3
Suppose 0 = -5*i - 4*h + 23, 2*i + 4*h = -0*h + 14. Suppose 0*z - 2*b + i = -3*z, -5*b = -z - 14. What is the units digit of (48/(-2))/(-3)*z?
8
What is the units digit of (-368)/6*(-51)/34?
2
Let l(u) = 31*u**2 - u. Let m be l(1). Suppose -t + 3*p = 6*p - 35, -t - 2*p + m = 0. What is the units digit of t?
0
Let p(x) = x**3 - 9*x**2 - 7*x - 2. What is the units digit of p(10)?
8
Let q(y) = y + 6. What is the units digit of q(11)?
7
Let g(s) be the third derivative of -s**6/120 - s**5/10 + s**4/3 + 3*s**3/2 + 2*s**2. What is the units digit of g(-7)?
2
Let g = -28 - -84. What is the units digit of g?
6
Suppose -13*x = -10*x + 18. Let j = -1 - x. Suppose -j*q + 11 = 2*t, -t = -3*t - q + 23. What is the tens digit of t?
1
Let z(g) = -7*g - 6. What is the tens digit of z(-6)?
3
Suppose -3 - 17 = -2*y. Suppose a = 30 + y. Suppose l = -3*i - 3*l + 35, 3*i = -5*l + a. What is the units digit of i?
5
Let s(z) = -z**2 + 2*z + 1. Let a be s(2). Let i(y) = 12*y - 1. Let t(l) = -11*l + 1. Let k(j) = -4*i(j) - 5*t(j). What is the units digit of k(a)?
6
Let r(t) = t**2 + 4*t + 3. Let x be r(-4). Suppose -5*z - 24 = j - x*j, -4*z = 5*j + 6. What is the units digit of j?
2
Let m = 7 + -5. Let y be ((-1)/m)/((-2)/(-48)). Let t = 24 + y. What is the tens digit of t?
1
Let u = -146 - -341. What is the hundreds digit of u?
1
Let y = -4 - -6. Suppose y*p + 19 = 3*p. What is the units digit of p/4 - (-6)/24?
5
Suppose 542 = 5*a + 142. What is the units digit of a?
0
Let h(k) = 6*k - 23. What is the tens digit of h(9)?
3
Let u(r) be the first derivative of -r**4/4 - 8*r**3/3 - 9*r**2/2 - 5*r - 6. Suppose 12 = 5*t - 3, 4*t - 5 = -z. What is the units digit of u(z)?
9
Suppose g + 0*a + 4*a + 28 = 0, -5*g - 174 = 3*a. Let h = -24 - g. What is the units digit of h?
2
Suppose 5*d = 4*l + 113 - 382, 0 = 5*l - d - 352. Suppose l = 4*c - 25. What is the tens digit of c?
2
Let c(u) = 4*u + 5. Suppose -4 = -2*l - 4*r + 22, 4*l - 2*r - 12 = 0. What is the tens digit of c(l)?
2
Suppose 57 = -5*v + 152. What is the tens digit of v?
1
Let j(k) be the second derivative of 0 + k**2 + 5/6*k**3 - 1/12*k**4 - 3*k. What is the units digit of j(5)?
2
Let b(j) = 10*j. Let k be b(4). Suppose 2*d = 4*a - 32, -k = -6*a + a + 3*d. Suppose -n + 2*f - 12 = -2*f, f = -n + a. What is the units digit of n?
4
Let a(v) = v**2 - v + 1. Suppose 2*n + 3 = -9. Let j be a(n). Suppose -2 = -3*z + j. What is the units digit of z?
5
Suppose -9 = -5*i + 3*n + 11, 5*n = -3*i + 12. Suppose 12 = i*w, 0 = 5*h + 2*w - 6*w - 18. What is the units digit of h?
6
Suppose -1 = 3*f + x - 7, -x - 18 = -5*f. Suppose -93 = -5*o - f*p, -4*o - 33 = 2*p - 109. What is the units digit of o?
1
Let u(s) = -s + 1. Let r be u(-4). Let q = 5 - r. Suppose d + q - 7 = 0. What is the units digit of d?
7
Let g = -1 + -3. Let q = g - -5. What is the units digit of q?
1
Suppose 0 = -r - 5*p + 132, 3*p - 229 = -2*r - 0*p. Suppose 5*l - 4*g = r, 0*l - 5*g = -3*l + 72. What is the units digit of l?
9
Suppose -4*a = -a - 6. Let v be (a/(-4))/(4/(-160)). Suppose -v = -4*d, 6*d = 2*l + 4*d - 30. What is the tens digit of l?
2
Let n be (-3)/(9/(-6)) + 0. What is the units digit of 1*(330/3)/n?
5
Suppose 5*t - 4 = 16. Suppose -t*w + w = 5*o + 1, -2*w = 4*o. What is the units digit of o?
1
Let g(b) = b**3 - b**2 + 2*b + 14. What is the units digit of g(0)?
4
Let l(h) = 5*h**2 + 5*h - 6. Let c(b) = 6*b**2 + 4*b - 6. Let k(d) = -3*c(d) + 4*l(d). What is the tens digit of k(-7)?
3
Suppose 0 = -3*n - 9 + 57. Suppose -12 = -4*b + l + n, l + 12 = 2*b. What is the units digit of b?
8
Suppose -3*k = 3*s - 35 - 25, 0 = -3*k + 4*s + 32. Suppose -5*w = -2*t - 3 - 2, 2*t - k = -2*w. What is the units digit of t?
5
Let h(f) = f**2 + 6*f + 6. What is the tens digit of h(-9)?
3
Suppose 3*k + 23 = -16. Suppose 69 = 5*b - 2*b. Let v = b + k. What is the tens digit of v?
1
Let x(k) = -k**3 - 19*k**2 + 18*k + 21. What is the units digit of x(-20)?
1
Suppose -w = -3*p + 575, -w + 788 = 4*p + 3*w. What is the tens digit of p?
9
Suppose -7*w + 3*w = -28. Suppose -h - y + 1 = 3, 0 = -4*h + y + w. What is the units digit of h?
1
Let y = -28 - -40. Let v be 4/(-6) - (-34)/6. Suppose 32 - y = v*l. What is the units digit of l?
4
Let q(n) = 6 - 5 - 2*n + 11 - 4*n. What is the tens digit of q(-6)?
4
What is the tens digit of (-246)/(-9)*(5 - (0 - -2))?
8
Suppose -6 = 3*p + 48. Let z = p - -33. What is the units digit of z?
5
Let k(l) = l - 2. Let i be k(7). What is the tens digit of -4 + i + (35 - 1)?
3
Let i = 45 - 5. What is the units digit of i?
0
Let n(l) = -3*l + 2*l - 4*l**2 + 0*l + l**3 - l. What is the units digit of n(5)?
5
Let v = 156 + -95. What is the units digit of v?
1
Let y(v) = v + 1. Let o(f) = 2*f + 2. Let c(g) = 5*o(g) - 7*y(g). What is the units digit of c(6)?
1
What is the units digit of (-10 - -35) + -1*1?
4
Let h(r) = r**2 - 6*r + 1. Let j be h(5). What is the tens digit of j + 174/3 + -4?
5
What is the units digit of (12/8)/((-4)/(-40))?
5
Let j = -65 + 257. What is the units digit of j?
2
Let s = 23 + -15. Let c be (6/5)/(2/5). Suppose -2*j = -2*k + s, -4*k + c*j + 0 + 14 = 0. What is the units digit of k?
2
Suppose 7*a = 2*a. Suppose 3*z + a*z = 27. Suppose -4*p + 21 = z. What is the units digit of p?
3
Suppose -2*q = -w - 134, q - 69 = -w + 2*w. What is the tens digit of q?
6
Suppose -t + 0*g - 4 = -g, -5*t - 5*g = 0. Let k(f) = 3*f + 1. Let q be k(1). Let i = t + q. What is the units digit of i?
2
Let z(u) = -u + 5. Let p be z(5). Suppose 3*a = 5*i - 9, 5*a + 12 = a + 3*i. What is the units digit of a + 4 + p + 1?
2
What is the units digit of -8 + 13 - (-1 + 6 + -1)?
1
Let z be (-6 - -3)/(2/(-6)). Let t(s) = s**3 - 8*s**2 - 7*s - 8. What is the tens digit of t(z)?
1
Suppose 24 = -n - 4*d, -2*d - 6 = n + 14. Let p = -8 - n. What is the units digit of p?
8
Suppose 8 = k - 3*w, 3*k - w - 4*w - 20 = 0. Suppose 0 = k*c - x - 98, -x - x + 4 = 0. What is the tens digit of c?
2
Suppose 9 = 4*x - 11. Let f = -2 + x. What is the units digit of f?
3
Suppose 3 = 3*f + 15. Let d be f/14 - (-120)/28. What is the units digit of (6/d)/(3/4)?
2
Let d = -9 - -5. Let f be 6 + -2 + (-2)/(-2). Let w = f + d. What is the units digit of w?
1
Let b(i) = -8*i + 32. What is the tens digit of b(-12)?
2
Let v(a) = -2*a + 6. Suppose 11 + 1 = 3*u, 2*u - 1 = y. Let m be v(y). Let j(t) = -t**2 - 9*t + 10. What is the tens digit of j(m)?
1
Suppose 4*n = -0*n + 16. Suppose -3 - 21 = 4*b - 4*i, -12 = -n*b - 5*i. Let h = 7 + b. What is the units digit of h?
5
Let g(n) = 24*n**2 - 1. What is the tens digit of g(-2)?
9
Suppose 5*r - 2*c = 25, -19 = -3*r + c - 4. Suppose 3*x = 5*l + r, -2*l + 5*x = -0*l + 21. What is the units digit of l?
2
Let o(g) = -3*g. Let d be o(-1). Suppose -31 = -m + 5*n, -2*m + 0*n = d*n + 3. What is the units digit of m?
6
Let m be 2/3*(-3)/2. Let b = m + -17. What is the units digit of (b/(-12))/((-2)/(-12))?
9
Let r = 57 + 13. Suppose 0*v - 5*v + r = 0. What is the tens digit of v?
1
Suppose 4*v = -0*v - 4*l - 148, -5*v - 4*l = 187. Let t = -22 - v. What is the tens digit of t?
1
Let d(m) = -m**3 + 7*m**2 - 3*m. Let b be d(6). Let g = b - -1. Suppose 4*v = 3*z - g, 0*z + 3*z - 18 = 3*v. What is the units digit of z?
5
Suppose 49 = -3*w + 145. Let b = 45 - w. What is the units digit of b?
3
Let w = 3 - 5. Let q = w + 5. Suppose h + q*h = 4. What is the units digit of h?
1
What is the units digit of -4 - 28/(-3 - -1)?
0
Suppose 2*j - 5 = 1. Let w(r) = -r**3 + 4*r**2 + r - 5. Let g be w(4). Let s = g + j. What 